mainder when 1255 is divided by 603?
49
What is the remainder when 38575 is divided by 9642?
7
What is the remainder when 38270 is divided by 4783?
6
Calculate the remainder when 43670 is divided by 176.
22
Calculate the remainder when 448 is divided by 46.
34
Calculate the remainder when 1759138 is divided by 1348.
1346
What is the remainder when 33655 is divided by 330?
325
What is the remainder when 27873 is divided by 362?
361
What is the remainder when 51829 is divided by 106?
101
What is the remainder when 4023 is divided by 149?
0
Calculate the remainder when 524669 is divided by 2168.
13
What is the remainder when 8379 is divided by 66?
63
What is the remainder when 25776 is divided by 307?
295
What is the remainder when 31483 is divided by 31218?
265
Calculate the remainder when 19228 is divided by 6399.
31
Calculate the remainder when 4720 is divided by 429.
1
Calculate the remainder when 26493 is divided by 488.
141
What is the remainder when 11298 is divided by 2751?
294
Calculate the remainder when 21981 is divided by 5.
1
Calculate the remainder when 7057 is divided by 3439.
179
Calculate the remainder when 86335 is divided by 198.
7
What is the remainder when 272577 is divided by 207?
165
What is the remainder when 21213 is divided by 221?
218
What is the remainder when 240053 is divided by 1529?
0
What is the remainder when 1225290 is divided by 37?
35
Calculate the remainder when 10381 is divided by 10372.
9
What is the remainder when 12374 is divided by 11?
10
What is the remainder when 51950 is divided by 39?
2
Calculate the remainder when 13068 is divided by 2161.
102
What is the remainder when 88102 is divided by 9788?
10
Calculate the remainder when 16304 is divided by 477.
86
What is the remainder when 78610 is divided by 26192?
34
What is the remainder when 19116 is divided by 1535?
696
Calculate the remainder when 6852 is divided by 3423.
6
Calculate the remainder when 39376 is divided by 110.
106
Calculate the remainder when 204826 is divided by 577.
568
Calculate the remainder when 570 is divided by 95.
0
What is the remainder when 129 is divided by 119?
10
What is the remainder when 489 is divided by 201?
87
Calculate the remainder when 7051 is divided by 640.
11
Calculate the remainder when 134281 is divided by 158.
139
What is the remainder when 136131 is divided by 56?
51
What is the remainder when 11148 is divided by 319?
302
What is the remainder when 12548 is divided by 697?
2
What is the remainder when 2271 is divided by 125?
21
What is the remainder when 1421 is divided by 82?
27
Calculate the remainder when 42236 is divided by 13940.
416
Calculate the remainder when 2791 is divided by 318.
247
What is the remainder when 47712 is divided by 723?
717
What is the remainder when 14070 is divided by 326?
52
What is the remainder when 840 is divided by 273?
21
What is the remainder when 190040 is divided by 9?
5
Calculate the remainder when 37015 is divided by 186.
1
Calculate the remainder when 2361 is divided by 116.
41
Calculate the remainder when 1307 is divided by 716.
591
What is the remainder when 1741152 is divided by 58?
50
What is the remainder when 5433 is divided by 135?
33
Calculate the remainder when 1023196 is divided by 33.
31
What is the remainder when 7818 is divided by 279?
6
Calculate the remainder when 14278 is divided by 352.
198
What is the remainder when 230528 is divided by 257?
256
Calculate the remainder when 2872 is divided by 1729.
1143
What is the remainder when 6934 is divided by 1706?
110
What is the remainder when 2874 is divided by 93?
84
What is the remainder when 4948 is divided by 50?
48
What is the remainder when 758922 is divided by 15?
12
Calculate the remainder when 2330 is divided by 172.
94
What is the remainder when 24680 is divided by 8225?
5
What is the remainder when 152771 is divided by 3055?
21
Calculate the remainder when 187682 is divided by 1235.
1197
What is the remainder when 2371873 is divided by 125?
123
Calculate the remainder when 3475 is divided by 697.
687
What is the remainder when 4649 is divided by 26?
21
Calculate the remainder when 281 is divided by 23.
5
What is the remainder when 1751 is divided by 243?
50
Calculate the remainder when 12467 is divided by 6231.
5
Calculate the remainder when 39364 is divided by 13007.
343
Calculate the remainder when 593102 is divided by 3026.
6
What is the remainder when 2019 is divided by 303?
201
What is the remainder when 273889 is divided by 249?
238
What is the remainder when 22296 is divided by 1013?
10
What is the remainder when 2300 is divided by 453?
35
What is the remainder when 13948 is divided by 13784?
164
Calculate the remainder when 90381 is divided by 30124.
9
What is the remainder when 39453 is divided by 283?
116
What is the remainder when 1401 is divided by 1127?
274
What is the remainder when 17386 is divided by 4334?
50
What is the remainder when 10392 is divided by 315?
312
What is the remainder when 549 is divided by 267?
15
What is the remainder when 18421 is divided by 879?
841
Calculate the remainder when 16444 is divided by 747.
10
Calculate the remainder when 88842 is divided by 15.
12
Calculate the remainder when 217097 is divided by 10.
7
Calculate the remainder when 7990 is divided by 1327.
28
What is the remainder when 19718 is divided by 6?
2
What is the remainder when 4353090 is divided by 251?
248
Calculate the remainder when 366 is divided by 282.
84
Calculate the remainder when 443 is divided by 29.
8
What is the remainder when 575237 is divided by 24?
5
What is the remainder when 572 is divided by 73?
61
Calculate the remainder when 2314 is divided by 233.
217
What is the remainder when 11471 is divided by 41?
32
What is the remainder when 58377 is divided by 14593?
5
What is the remainder when 2474 is divided by 27?
17
What is the remainder when 9196 is divided by 13?
5
What is the remainder when 1585 is divided by 689?
207
Calculate the remainder when 3611 is divided by 62.
15
What is the remainder when 1449 is divided by 171?
81
What is the remainder when 60288 is divided by 55?
8
What is the remainder when 34523 is divided by 50?
23
Calculate the remainder when 6661 is divided by 91.
18
What is the remainder when 72734 is divided by 36360?
14
What is the remainder when 5590 is divided by 1328?
278
What is the remainder when 7540 is divided by 83?
70
What is the remainder when 2592 is divided by 320?
32
Calculate the remainder when 163439 is divided by 142.
139
What is the remainder when 7174 is divided by 7125?
49
What is the remainder when 4760 is divided by 430?
30
Calculate the remainder when 41549 is divided by 243.
239
Calculate the remainder when 39346 is divided by 2185.
16
What is the remainder when 132384 is divided by 24?
0
Calculate the remainder when 4252 is divided by 1051.
48
Calculate the remainder when 319273 is divided by 55.
53
What is the remainder when 40434 is divided by 120?
114
What is the remainder when 3224 is divided by 138?
50
What is the remainder when 714 is divided by 379?
335
What is the remainder when 117426 is divided by 117423?
3
What is the remainder when 1013 is divided by 912?
101
Calculate the remainder when 14952 is divided by 2487.
30
What is the remainder when 38788 is divided by 31?
7
What is the remainder when 43046 is divided by 10757?
18
Calculate the remainder when 1042 is divided by 196.
62
Calculate the remainder when 12979 is divided by 4034.
877
What is the remainder when 5215 is divided by 1480?
775
What is the remainder when 12080 is divided by 74?
18
Calculate the remainder when 242092 is divided by 131.
4
What is the remainder when 37169 is divided by 1378?
1341
What is the remainder when 5478 is divided by 42?
18
Calculate the remainder when 15263 is divided by 661.
60
Calculate the remainder when 10019 is divided by 3335.
14
What is the remainder when 3182 is divided by 219?
116
What is the remainder when 735135 is divided by 9?
6
What is the remainder when 258727 is divided by 2156?
7
Calculate the remainder when 132400 is divided by 373.
358
Calculate the remainder when 2849 is divided by 33.
11
What is the remainder when 17269 is divided by 8?
5
What is the remainder when 95020 is divided by 18?
16
Calculate t